{"id":21932,"date":"2026-02-05T12:22:30","date_gmt":"2026-02-05T11:22:30","guid":{"rendered":"https:\/\/elalmacendeloza.com\/sin%20categor\u00eda\/retama-plato-pan-onda\/"},"modified":"2026-04-11T12:07:25","modified_gmt":"2026-04-11T10:07:25","slug":"retama-plato-pan-onda","status":"publish","type":"product","link":"https:\/\/old.elalmacendeloza.com\/en\/los-mas-deseados\/retama-plato-pan-onda\/","title":{"rendered":"Retama plato pan onda"},"content":{"rendered":"<div class=\"container-description\">\n<div class=\"description\">\n<h3 class=\"title-description\"> Plato de pan con ondas<\/h3>\n<p>Este plato de pan, tejido a mano con retama durante los a\u00f1os 40 de Ja\u00e9n, es una pieza artesanal \u00fanica que refleja la tradici\u00f3n y el saber hacer de los artesanos de la regi\u00f3n. Tiene un di\u00e1metro de 13 cm y su buena conservaci\u00f3n da fe de la calidad de su material. Su dise\u00f1o, hecho con materiales sostenibles y naturales, no solo es funcional, sino que tambi\u00e9n a\u00f1ade un encanto especial a cualquier mesa. Sus unidades son limitadas.  <\/p>\n<h3 class=\"title-description\"> Caracter\u00edsticas:  <\/h3>\n<p> Medida: \u00d813&#215;5 cm <\/p>\n<p>Material: Retama <\/p>\n<\/p><\/div>\n<div class=\"square\">\n<h3 class=\"title-description\">Cuidados<\/h3>\n<ul class=\"ul-square\">\n<li class=\"li-square\"> Se recomienda lavar con un pa\u00f1o <\/li>\n<li class=\"li-square\">  Producto muy fr\u00e1gil.<\/li>\n<\/ul><\/div>\n<\/div>\n","protected":false},"excerpt":{"rendered":"<\/p>\n<p>Art\u00edculo fabricado artesanalmente en Espa\u00f1a en los a\u00f1os 40 con retama.\u00a0<\/p>\n<p>Producto exclusivo, muy pocas existencias.\u00a0<\/p>\n<p><\/p>\n<p><\/p>\n<p><\/p>\n<p><\/p><\/p>\n","protected":false},"featured_media":21933,"comment_status":"open","ping_status":"closed","template":"","meta":[],"product_brand":[],"product_cat":[1473,95],"product_tag":[],"class_list":{"0":"post-21932","1":"product","2":"type-product","3":"status-publish","4":"has-post-thumbnail","6":"product_cat-los-mas-deseados","7":"product_cat-paneras","8":"pa_brand-san-jose-artesania","9":"pa_color-natural","10":"pa_tamano-13cm","12":"first","13":"instock","14":"taxable","15":"shipping-taxable","16":"purchasable","17":"product-type-simple"},"_links":{"self":[{"href":"https:\/\/old.elalmacendeloza.com\/en\/wp-json\/wp\/v2\/product\/21932","targetHints":{"allow":["GET"]}}],"collection":[{"href":"https:\/\/old.elalmacendeloza.com\/en\/wp-json\/wp\/v2\/product"}],"about":[{"href":"https:\/\/old.elalmacendeloza.com\/en\/wp-json\/wp\/v2\/types\/product"}],"replies":[{"embeddable":true,"href":"https:\/\/old.elalmacendeloza.com\/en\/wp-json\/wp\/v2\/comments?post=21932"}],"wp:featuredmedia":[{"embeddable":true,"href":"https:\/\/old.elalmacendeloza.com\/en\/wp-json\/wp\/v2\/media\/21933"}],"wp:attachment":[{"href":"https:\/\/old.elalmacendeloza.com\/en\/wp-json\/wp\/v2\/media?parent=21932"}],"wp:term":[{"taxonomy":"product_brand","embeddable":true,"href":"https:\/\/old.elalmacendeloza.com\/en\/wp-json\/wp\/v2\/product_brand?post=21932"},{"taxonomy":"product_cat","embeddable":true,"href":"https:\/\/old.elalmacendeloza.com\/en\/wp-json\/wp\/v2\/product_cat?post=21932"},{"taxonomy":"product_tag","embeddable":true,"href":"https:\/\/old.elalmacendeloza.com\/en\/wp-json\/wp\/v2\/product_tag?post=21932"}],"curies":[{"name":"wp","href":"https:\/\/api.w.org\/{rel}","templated":true}]}}

https://elalmacendeloza.com/sin%20categoría/retama-plato-pan-onda/

<div class="container-description">
<div class="description">
<h3 class="title-description"> Plato de pan con ondas</h3>
<p>Este plato de pan, tejido a mano con retama durante los años 40 de Jaén, es una pieza artesanal única que refleja la tradición y el saber hacer de los artesanos de la región. Tiene un diámetro de 13 cm y su buena conservación da fe de la calidad de su material. Su diseño, hecho con materiales sostenibles y naturales, no solo es funcional, sino que también añade un encanto especial a cualquier mesa. Sus unidades son limitadas.  </p>
<h3 class="title-description"> Características:  </h3>
<p> Medida: Ø13&#215;5 cm </p>
<p>Material: Retama </p>
</p></div>
<div class="square">
<h3 class="title-description">Cuidados</h3>
<ul class="ul-square">
<li class="li-square"> Se recomienda lavar con un paño </li>
<li class="li-square">  Producto muy frágil.</li>
</ul></div>
</div>

</p>
<p>Artículo fabricado artesanalmente en España en los años 40 con retama. </p>
<p>Producto exclusivo, muy pocas existencias. </p>
<p></p>
<p></p>
<p></p>
<p></p></p>
