{"id":21926,"date":"2026-02-05T09:48:14","date_gmt":"2026-02-05T08:48:14","guid":{"rendered":"https:\/\/elalmacendeloza.com\/sin%20categor\u00eda\/bernadotte-termo-negro-1l\/"},"modified":"2026-03-23T15:38:08","modified_gmt":"2026-03-23T14:38:08","slug":"bernadotte-termo-negro-1l","status":"publish","type":"product","link":"https:\/\/old.elalmacendeloza.com\/en\/cups-and-breakfast\/teapots-and-coffee-makers\/bernadotte-termo-negro-1l\/","title":{"rendered":"Bernadotte- Termo negro 1L"},"content":{"rendered":"<div class=\"container-description\">\n<div class=\"description\">\n<h3 class=\"title-description\"> Bernadotte -Termos 1l <\/h3>\n<p> Elegante termo con asa de l\u00edneas modernas.Resistente revestimiento interior de acero inoxidable que ayuda a mantener el contenido caliente o fr\u00edo durante m\u00e1s tiempo. La tapa viene con un pr\u00e1ctico bot\u00f3n que no requiere desenroscar la parte superior para servir <\/p>\n<h3 class=\"title-description\"> Caracter\u00edsticas:  <\/h3>\n<p> Medida:1L <\/p>\n<p>Material: plastico \/ acero inoxidable. <\/p>\n<\/p><\/div>\n<div class=\"square\">\n<h3 class=\"title-description\">Cuidados<\/h3>\n<ul class=\"ul-square\">\n<li class=\"li-square\"> Se recomienda lavar a mano.<\/li>\n<\/ul><\/div>\n<\/div>\n","protected":false},"excerpt":{"rendered":"<p>Mantiene el calor hasta 6 horas.\u00a0<\/p>\n","protected":false},"featured_media":21927,"comment_status":"open","ping_status":"closed","template":"","meta":[],"product_brand":[],"product_cat":[518],"product_tag":[],"class_list":{"0":"post-21926","1":"product","2":"type-product","3":"status-publish","4":"has-post-thumbnail","6":"product_cat-teteras-y-cafeteras","7":"pa_brand-riera","8":"pa_color-negro","9":"pa_tamano-1l","11":"first","12":"instock","13":"taxable","14":"shipping-taxable","15":"purchasable","16":"product-type-simple"},"_links":{"self":[{"href":"https:\/\/old.elalmacendeloza.com\/en\/wp-json\/wp\/v2\/product\/21926","targetHints":{"allow":["GET"]}}],"collection":[{"href":"https:\/\/old.elalmacendeloza.com\/en\/wp-json\/wp\/v2\/product"}],"about":[{"href":"https:\/\/old.elalmacendeloza.com\/en\/wp-json\/wp\/v2\/types\/product"}],"replies":[{"embeddable":true,"href":"https:\/\/old.elalmacendeloza.com\/en\/wp-json\/wp\/v2\/comments?post=21926"}],"wp:featuredmedia":[{"embeddable":true,"href":"https:\/\/old.elalmacendeloza.com\/en\/wp-json\/wp\/v2\/media\/21927"}],"wp:attachment":[{"href":"https:\/\/old.elalmacendeloza.com\/en\/wp-json\/wp\/v2\/media?parent=21926"}],"wp:term":[{"taxonomy":"product_brand","embeddable":true,"href":"https:\/\/old.elalmacendeloza.com\/en\/wp-json\/wp\/v2\/product_brand?post=21926"},{"taxonomy":"product_cat","embeddable":true,"href":"https:\/\/old.elalmacendeloza.com\/en\/wp-json\/wp\/v2\/product_cat?post=21926"},{"taxonomy":"product_tag","embeddable":true,"href":"https:\/\/old.elalmacendeloza.com\/en\/wp-json\/wp\/v2\/product_tag?post=21926"}],"curies":[{"name":"wp","href":"https:\/\/api.w.org\/{rel}","templated":true}]}}

https://elalmacendeloza.com/sin%20categoría/bernadotte-termo-negro-1l/

<div class="container-description">
<div class="description">
<h3 class="title-description"> Bernadotte -Termos 1l </h3>
<p> Elegante termo con asa de líneas modernas.Resistente revestimiento interior de acero inoxidable que ayuda a mantener el contenido caliente o frío durante más tiempo. La tapa viene con un práctico botón que no requiere desenroscar la parte superior para servir </p>
<h3 class="title-description"> Características:  </h3>
<p> Medida:1L </p>
<p>Material: plastico / acero inoxidable. </p>
</p></div>
<div class="square">
<h3 class="title-description">Cuidados</h3>
<ul class="ul-square">
<li class="li-square"> Se recomienda lavar a mano.</li>
</ul></div>
</div>
