{"id":21448,"date":"2025-12-15T17:01:24","date_gmt":"2025-12-15T16:01:24","guid":{"rendered":"https:\/\/elalmacendeloza.com\/sin%20categor\u00eda\/fa-cuenco-loto\/"},"modified":"2026-04-17T09:57:19","modified_gmt":"2026-04-17T07:57:19","slug":"fa-cuenco-loto","status":"publish","type":"product","link":"https:\/\/old.elalmacendeloza.com\/en\/fernando-alcalde-ceramica\/fa-cuenco-loto\/","title":{"rendered":"FA- Cuenco loto"},"content":{"rendered":"","protected":false},"excerpt":{"rendered":"<p><span>Pieza del ceramista Fernando Alcalde<\/span><\/p>\n<p>Las piezas destacan por su car\u00e1cter artesanal, la riqueza de sus formas y un uso del color muy personal. Cer\u00e1mica hecha en Cuenca, donde tradici\u00f3n y dise\u00f1o se unen para dar vida a objetos \u00fanicos con mucha sensibilidad y belleza<br \/>Medidas:<span>\u00d814x6cm<\/span><br \/><span>Material: Porcelana<\/span><\/p>\n<h3>Cuidados<\/h3>\n<ul>\n<li>Se recomienda lavar a mano, por la delicadeza de la pieza<\/li>\n<\/ul>\n<p><\/p>\n<p><\/p><\/p>\n","protected":false},"featured_media":22709,"comment_status":"open","ping_status":"closed","template":"","meta":[],"product_brand":[],"product_cat":[1301],"product_tag":[],"class_list":{"0":"post-21448","1":"product","2":"type-product","3":"status-publish","4":"has-post-thumbnail","6":"product_cat-fernando-alcalde-ceramica","7":"pa_brand-fernando-alcalde","8":"pa_color-aguamarina-verde","9":"pa_color-kakhi","10":"pa_color-verde-bosque","11":"pa_tamano-14cm","13":"first","14":"instock","15":"taxable","16":"shipping-taxable","17":"purchasable","18":"product-type-variable"},"_links":{"self":[{"href":"https:\/\/old.elalmacendeloza.com\/en\/wp-json\/wp\/v2\/product\/21448","targetHints":{"allow":["GET"]}}],"collection":[{"href":"https:\/\/old.elalmacendeloza.com\/en\/wp-json\/wp\/v2\/product"}],"about":[{"href":"https:\/\/old.elalmacendeloza.com\/en\/wp-json\/wp\/v2\/types\/product"}],"replies":[{"embeddable":true,"href":"https:\/\/old.elalmacendeloza.com\/en\/wp-json\/wp\/v2\/comments?post=21448"}],"wp:featuredmedia":[{"embeddable":true,"href":"https:\/\/old.elalmacendeloza.com\/en\/wp-json\/wp\/v2\/media\/22709"}],"wp:attachment":[{"href":"https:\/\/old.elalmacendeloza.com\/en\/wp-json\/wp\/v2\/media?parent=21448"}],"wp:term":[{"taxonomy":"product_brand","embeddable":true,"href":"https:\/\/old.elalmacendeloza.com\/en\/wp-json\/wp\/v2\/product_brand?post=21448"},{"taxonomy":"product_cat","embeddable":true,"href":"https:\/\/old.elalmacendeloza.com\/en\/wp-json\/wp\/v2\/product_cat?post=21448"},{"taxonomy":"product_tag","embeddable":true,"href":"https:\/\/old.elalmacendeloza.com\/en\/wp-json\/wp\/v2\/product_tag?post=21448"}],"curies":[{"name":"wp","href":"https:\/\/api.w.org\/{rel}","templated":true}]}}

https://elalmacendeloza.com/sin%20categoría/fa-cuenco-loto/

<p><span>Pieza del ceramista Fernando Alcalde</span></p>
<p>Las piezas destacan por su carácter artesanal, la riqueza de sus formas y un uso del color muy personal. Cerámica hecha en Cuenca, donde tradición y diseño se unen para dar vida a objetos únicos con mucha sensibilidad y belleza<br />Medidas:<span>Ø14x6cm</span><br /><span>Material: Porcelana</span></p>
<h3>Cuidados</h3>
<ul>
<li>Se recomienda lavar a mano, por la delicadeza de la pieza</li>
</ul>
<p></p>
<p></p></p>
