{"id":21033,"date":"2025-11-26T13:15:00","date_gmt":"2025-11-26T12:15:00","guid":{"rendered":"https:\/\/elalmacendeloza.com\/sin%20categor\u00eda\/petit-royal-quesera-con-cuchara\/"},"modified":"2026-01-07T23:11:32","modified_gmt":"2026-01-07T22:11:32","slug":"petit-royal-quesera-con-cuchara","status":"publish","type":"product","link":"https:\/\/old.elalmacendeloza.com\/en\/cups-and-breakfast\/sugar-and-honey-growers\/petit-royal-quesera-con-cuchara\/","title":{"rendered":"Petit Royal &#8211;  Quesera con cuchara"},"content":{"rendered":"<div class=\"container-description\">\n<div class=\"description\">\n<h3 class=\"title-description\"> Royal quesera con cuchara. <\/h3>\n<p> Quesera para queso rallado con cuchara incluida, en elegante combinaci\u00f3n de vidrio y acero inoxidable plateado con un sutil toque royal. Su dise\u00f1o cl\u00e1sico realza la presentaci\u00f3n en la mesa, perfecta para comidas especiales y uso diario.<\/p>\n<h3 class=\"title-description\"> Caracter\u00edsticas:  <\/h3>\n<p> Medida: 13 x 12.5cm  <\/p>\n<p>Material:Vidrio \/ acero inoxidable <\/p>\n<\/p><\/div>\n<div class=\"square\">\n<h3 class=\"title-description\">Cuidados<\/h3>\n<ul class=\"ul-square\">\n<li class=\"li-square\"> Lavar a mano <\/li>\n<\/ul><\/div>\n<\/div>\n","protected":false},"excerpt":{"rendered":"<p>\u00a0incluye cuchara.\u00a0<br \/><span>13 x 12.5cm\u00a0<\/span><\/p>\n","protected":false},"featured_media":21034,"comment_status":"open","ping_status":"closed","template":"","meta":[],"product_brand":[],"product_cat":[534,135],"product_tag":[],"class_list":{"0":"post-21033","1":"product","2":"type-product","3":"status-publish","4":"has-post-thumbnail","6":"product_cat-azucareros-y-mieleros","7":"product_cat-cuencos","8":"pa_brand-cote-table","9":"pa_color-plateado","10":"pa_tamano-13cm","12":"first","13":"instock","14":"taxable","15":"shipping-taxable","16":"purchasable","17":"product-type-simple"},"_links":{"self":[{"href":"https:\/\/old.elalmacendeloza.com\/en\/wp-json\/wp\/v2\/product\/21033","targetHints":{"allow":["GET"]}}],"collection":[{"href":"https:\/\/old.elalmacendeloza.com\/en\/wp-json\/wp\/v2\/product"}],"about":[{"href":"https:\/\/old.elalmacendeloza.com\/en\/wp-json\/wp\/v2\/types\/product"}],"replies":[{"embeddable":true,"href":"https:\/\/old.elalmacendeloza.com\/en\/wp-json\/wp\/v2\/comments?post=21033"}],"wp:featuredmedia":[{"embeddable":true,"href":"https:\/\/old.elalmacendeloza.com\/en\/wp-json\/wp\/v2\/media\/21034"}],"wp:attachment":[{"href":"https:\/\/old.elalmacendeloza.com\/en\/wp-json\/wp\/v2\/media?parent=21033"}],"wp:term":[{"taxonomy":"product_brand","embeddable":true,"href":"https:\/\/old.elalmacendeloza.com\/en\/wp-json\/wp\/v2\/product_brand?post=21033"},{"taxonomy":"product_cat","embeddable":true,"href":"https:\/\/old.elalmacendeloza.com\/en\/wp-json\/wp\/v2\/product_cat?post=21033"},{"taxonomy":"product_tag","embeddable":true,"href":"https:\/\/old.elalmacendeloza.com\/en\/wp-json\/wp\/v2\/product_tag?post=21033"}],"curies":[{"name":"wp","href":"https:\/\/api.w.org\/{rel}","templated":true}]}}

https://elalmacendeloza.com/sin%20categoría/petit-royal-quesera-con-cuchara/

<div class="container-description">
<div class="description">
<h3 class="title-description"> Royal quesera con cuchara. </h3>
<p> Quesera para queso rallado con cuchara incluida, en elegante combinación de vidrio y acero inoxidable plateado con un sutil toque royal. Su diseño clásico realza la presentación en la mesa, perfecta para comidas especiales y uso diario.</p>
<h3 class="title-description"> Características:  </h3>
<p> Medida: 13 x 12.5cm  </p>
<p>Material:Vidrio / acero inoxidable </p>
</p></div>
<div class="square">
<h3 class="title-description">Cuidados</h3>
<ul class="ul-square">
<li class="li-square"> Lavar a mano </li>
</ul></div>
</div>
