{"id":20651,"date":"2025-11-11T15:37:01","date_gmt":"2025-11-11T14:37:01","guid":{"rendered":"https:\/\/elalmacendeloza.com\/sin%20categor\u00eda\/taller-navideno-ceramica-vinos\/"},"modified":"2026-02-02T11:51:46","modified_gmt":"2026-02-02T10:51:46","slug":"taller-ceramica-vinos","status":"publish","type":"product","link":"https:\/\/old.elalmacendeloza.com\/en\/tableware\/taller-ceramica-vinos\/","title":{"rendered":"Taller Cer\u00e1mica &amp; Vinos"},"content":{"rendered":"","protected":false},"excerpt":{"rendered":"<p>En El Almac\u00e9n de Loza queremos invitarte a vivir un plan diferente por San Valent\u00edn: una tarde relajada y llena de arte. Nuestro Taller de Cer\u00e1mica &amp; Vinos es la excusa perfecta para desconectar de la rutina mientras das forma a tus propias piezas en un ambiente c\u00e1lido y acogedor.\u00a0<\/p>\n<p>Modelar cer\u00e1mica no solo estimula la creatividad, sino que tambi\u00e9n es una pr\u00e1ctica terap\u00e9utica que ayuda a calmar la mente y relajar el cuerpo. La conexi\u00f3n entre las manos y la arcilla invita a la concentraci\u00f3n plena, reduce el estr\u00e9s y despierta una profunda sensaci\u00f3n de bienestar. Si buscas un momento para ti o quieres compartir esta experiencia con alguien especial, este taller es ideal para principiantes y est\u00e1 dise\u00f1ado para que disfrutes desde el primer minuto, sin necesidad de experiencia previa.<\/p>\n<p>El taller ser\u00e1 impartido por <b>BPOT CER\u00c1MICA<\/b><b>,<\/b>\u00a0qui\u00e9n nos ense\u00f1ar\u00e1n de primera mano como trabajar la cer\u00e1mica.<\/p>\n<p><strong>Detalles del taller:<\/strong><\/p>\n<ul>\n<li>\n<p><strong>Fecha:<\/strong>\u00a0Viernes 6 de febrero 2026<\/p>\n<\/li>\n<li>\n<p><strong>Horario:<\/strong> De 17:30 h a 20:00 h\u00a0<\/p>\n<\/li>\n<li>\n<p><b>Lugar<\/b><b>:<\/b> El Almac\u00e9n de Loza, C\/ N\u00fa\u00f1ez de Balboa 46, 28001 Madrid<\/p>\n<\/li>\n<li>\n<p><strong>Precio:<\/strong>\u00a0 55\u20ac persona si ven\u00eds en pareja \/ 60\u20ac individual\u00a0 (incluye todo el material y el vino- aperitivo).\u00a0<\/p>\n<\/li>\n<li>\n<p><b>Producci\u00f3n<\/b>: Entre 1-2 piezas (seg\u00fan el tama\u00f1o y el tiempo). Luego te las puedes quedar para ti.\u00a0<\/p>\n<\/li>\n<li>\n<p><strong>Plazas limitadas<\/strong><\/p>\n<\/li>\n<li>\n<p><strong>Cancelaci\u00f3n:<\/strong> Puedes cancelar hasta 24 h antes y te devolvemos el dinero.<\/p>\n<\/li>\n<\/ul>\n<p><strong>Reserva tu plaza ahora<\/strong>: a\u00f1ade el taller al carrito y asegura tu lugar en esta experiencia\u00a0 relajante y diferente.<\/p>\n<p><span>Reg\u00e1late o regala esta experiencia \u00fanica donde el arte de la mesa se une al arte de crear. \u00a1<b>Te esperamos!<\/b><\/span><\/p>\n<p><\/p>\n<p><\/p>\n<p><\/p>\n<p><\/p>\n","protected":false},"featured_media":21897,"comment_status":"open","ping_status":"closed","template":"","meta":[],"product_brand":[],"product_cat":[775],"product_tag":[],"class_list":{"0":"post-20651","1":"product","2":"type-product","3":"status-publish","4":"has-post-thumbnail","6":"product_cat-tableware","7":"pa_brand-almacen-de-loza","8":"pa_sa_material-loza","9":"pa_tamano-unico","11":"first","12":"instock","13":"virtual","14":"taxable","15":"purchasable","16":"product-type-simple"},"_links":{"self":[{"href":"https:\/\/old.elalmacendeloza.com\/en\/wp-json\/wp\/v2\/product\/20651","targetHints":{"allow":["GET"]}}],"collection":[{"href":"https:\/\/old.elalmacendeloza.com\/en\/wp-json\/wp\/v2\/product"}],"about":[{"href":"https:\/\/old.elalmacendeloza.com\/en\/wp-json\/wp\/v2\/types\/product"}],"replies":[{"embeddable":true,"href":"https:\/\/old.elalmacendeloza.com\/en\/wp-json\/wp\/v2\/comments?post=20651"}],"wp:featuredmedia":[{"embeddable":true,"href":"https:\/\/old.elalmacendeloza.com\/en\/wp-json\/wp\/v2\/media\/21897"}],"wp:attachment":[{"href":"https:\/\/old.elalmacendeloza.com\/en\/wp-json\/wp\/v2\/media?parent=20651"}],"wp:term":[{"taxonomy":"product_brand","embeddable":true,"href":"https:\/\/old.elalmacendeloza.com\/en\/wp-json\/wp\/v2\/product_brand?post=20651"},{"taxonomy":"product_cat","embeddable":true,"href":"https:\/\/old.elalmacendeloza.com\/en\/wp-json\/wp\/v2\/product_cat?post=20651"},{"taxonomy":"product_tag","embeddable":true,"href":"https:\/\/old.elalmacendeloza.com\/en\/wp-json\/wp\/v2\/product_tag?post=20651"}],"curies":[{"name":"wp","href":"https:\/\/api.w.org\/{rel}","templated":true}]}}

https://elalmacendeloza.com/sin%20categoría/taller-navideno-ceramica-vinos/

Taller Cerámica &amp; Vinos

<p>En El Almacén de Loza queremos invitarte a vivir un plan diferente por San Valentín: una tarde relajada y llena de arte. Nuestro Taller de Cerámica &amp; Vinos es la excusa perfecta para desconectar de la rutina mientras das forma a tus propias piezas en un ambiente cálido y acogedor. </p>
<p>Modelar cerámica no solo estimula la creatividad, sino que también es una práctica terapéutica que ayuda a calmar la mente y relajar el cuerpo. La conexión entre las manos y la arcilla invita a la concentración plena, reduce el estrés y despierta una profunda sensación de bienestar. Si buscas un momento para ti o quieres compartir esta experiencia con alguien especial, este taller es ideal para principiantes y está diseñado para que disfrutes desde el primer minuto, sin necesidad de experiencia previa.</p>
<p>El taller será impartido por <b>BPOT CERÁMICA</b><b>,</b> quién nos enseñarán de primera mano como trabajar la cerámica.</p>
<p><strong>Detalles del taller:</strong></p>
<ul>
<li>
<p><strong>Fecha:</strong> Viernes 6 de febrero 2026</p>
</li>
<li>
<p><strong>Horario:</strong> De 17:30 h a 20:00 h </p>
</li>
<li>
<p><b>Lugar</b><b>:</b> El Almacén de Loza, C/ Núñez de Balboa 46, 28001 Madrid</p>
</li>
<li>
<p><strong>Precio:</strong>  55€ persona si venís en pareja / 60€ individual  (incluye todo el material y el vino- aperitivo). </p>
</li>
<li>
<p><b>Producción</b>: Entre 1-2 piezas (según el tamaño y el tiempo). Luego te las puedes quedar para ti. </p>
</li>
<li>
<p><strong>Plazas limitadas</strong></p>
</li>
<li>
<p><strong>Cancelación:</strong> Puedes cancelar hasta 24 h antes y te devolvemos el dinero.</p>
</li>
</ul>
<p><strong>Reserva tu plaza ahora</strong>: añade el taller al carrito y asegura tu lugar en esta experiencia  relajante y diferente.</p>
<p><span>Regálate o regala esta experiencia única donde el arte de la mesa se une al arte de crear. ¡<b>Te esperamos!</b></span></p>
<p></p>
<p></p>
<p></p>
<p></p>
