{"id":20491,"date":"2025-10-20T13:38:05","date_gmt":"2025-10-20T11:38:05","guid":{"rendered":"https:\/\/elalmacendeloza.com\/sin%20categor\u00eda\/salero-berenjena\/"},"modified":"2026-03-19T17:09:29","modified_gmt":"2026-03-19T16:09:29","slug":"fresas-set-salero-pimentero","status":"publish","type":"product","link":"https:\/\/old.elalmacendeloza.com\/en\/table-accessories\/cruets-and-salt-shakers\/fresas-set-salero-pimentero\/","title":{"rendered":"Fresas- Set salero pimentero"},"content":{"rendered":"","protected":false},"excerpt":{"rendered":"<p><span>Salero\u00a0 y pimentero con forma de fresa, elaborados en cer\u00e1mica esmaltada. Su dise\u00f1o detallado y natural aporta un toque original y encantador a la mesa. Perfectos para el d\u00eda a d\u00eda o para acompa\u00f1ar una mesa especial, combinan funcionalidad y estilo con un gui\u00f1o a la huerta<\/span><\/p>\n","protected":false},"featured_media":22621,"comment_status":"open","ping_status":"closed","template":"","meta":[],"product_brand":[],"product_cat":[84],"product_tag":[],"class_list":{"0":"post-20491","1":"product","2":"type-product","3":"status-publish","4":"has-post-thumbnail","6":"product_cat-vinagreras-y-saleros","7":"pa_brand-versa","8":"pa_color-fresa","9":"pa_tamano-unico","11":"first","12":"instock","13":"taxable","14":"shipping-taxable","15":"purchasable","16":"product-type-variable"},"_links":{"self":[{"href":"https:\/\/old.elalmacendeloza.com\/en\/wp-json\/wp\/v2\/product\/20491","targetHints":{"allow":["GET"]}}],"collection":[{"href":"https:\/\/old.elalmacendeloza.com\/en\/wp-json\/wp\/v2\/product"}],"about":[{"href":"https:\/\/old.elalmacendeloza.com\/en\/wp-json\/wp\/v2\/types\/product"}],"replies":[{"embeddable":true,"href":"https:\/\/old.elalmacendeloza.com\/en\/wp-json\/wp\/v2\/comments?post=20491"}],"wp:featuredmedia":[{"embeddable":true,"href":"https:\/\/old.elalmacendeloza.com\/en\/wp-json\/wp\/v2\/media\/22621"}],"wp:attachment":[{"href":"https:\/\/old.elalmacendeloza.com\/en\/wp-json\/wp\/v2\/media?parent=20491"}],"wp:term":[{"taxonomy":"product_brand","embeddable":true,"href":"https:\/\/old.elalmacendeloza.com\/en\/wp-json\/wp\/v2\/product_brand?post=20491"},{"taxonomy":"product_cat","embeddable":true,"href":"https:\/\/old.elalmacendeloza.com\/en\/wp-json\/wp\/v2\/product_cat?post=20491"},{"taxonomy":"product_tag","embeddable":true,"href":"https:\/\/old.elalmacendeloza.com\/en\/wp-json\/wp\/v2\/product_tag?post=20491"}],"curies":[{"name":"wp","href":"https:\/\/api.w.org\/{rel}","templated":true}]}}

https://elalmacendeloza.com/sin%20categoría/salero-berenjena/

<p><span>Salero  y pimentero con forma de fresa, elaborados en cerámica esmaltada. Su diseño detallado y natural aporta un toque original y encantador a la mesa. Perfectos para el día a día o para acompañar una mesa especial, combinan funcionalidad y estilo con un guiño a la huerta</span></p>
