{"id":19925,"date":"2025-07-24T16:54:45","date_gmt":"2025-07-24T14:54:45","guid":{"rendered":"https:\/\/elalmacendeloza.com\/sin%20categor\u00eda\/sandia-plato-postre\/"},"modified":"2026-01-09T16:36:19","modified_gmt":"2026-01-09T15:36:19","slug":"sandia-plato-postre","status":"publish","type":"product","link":"https:\/\/old.elalmacendeloza.com\/en\/tableware\/bordallo-pinheiro-collection\/sandia-plato-postre\/","title":{"rendered":"Sandia-Plato postre"},"content":{"rendered":"<div class=\"container-description\">\n<div class=\"description\">\n<h3 class=\"title-description\">Sand\u00eda- Plato postre<\/h3>\n<p> La m\u00edtica casa de cer\u00e1mica portuguesa, Bordallo Pinheiro, es un cl\u00e1sico que no puede faltar en ninguna mesa.  La colecci\u00f3n Sand\u00eda da el frescor veraniego que necesitan tus mesas de verano. <\/p>\n<p>Material: Loza<\/p>\n<p>Altura:2,5 cm  Anchura: 21,5 cm ; Longitud: 21,5cm <\/p>\n<\/p><\/div>\n<div class=\"square\">\n<h3 class=\"title-description\">Cuidados<\/h3>\n<ul class=\"ul-square\">\n<li class=\"li-square\">Apto para lavaplatos<\/li>\n<li class=\"li-square\"> Apto para microondas<\/li>\n<li class=\"li-square\">No apto para horno<\/li>\n<\/ul><\/div>\n<\/div>\n","protected":false},"excerpt":{"rendered":"<p><span>Bordallo Pinheiro<\/span><\/p>\n","protected":false},"featured_media":19926,"comment_status":"open","ping_status":"closed","template":"","meta":[],"product_brand":[],"product_cat":[694,133],"product_tag":[],"class_list":{"0":"post-19925","1":"product","2":"type-product","3":"status-publish","4":"has-post-thumbnail","6":"product_cat-coleccion-bordallo-pinheiro","7":"product_cat-plato-postre","8":"pa_brand-bordallo-pinheiro","9":"pa_color-rojo-verde","10":"pa_tamano-21cm","12":"first","13":"instock","14":"taxable","15":"shipping-taxable","16":"purchasable","17":"product-type-simple"},"_links":{"self":[{"href":"https:\/\/old.elalmacendeloza.com\/en\/wp-json\/wp\/v2\/product\/19925","targetHints":{"allow":["GET"]}}],"collection":[{"href":"https:\/\/old.elalmacendeloza.com\/en\/wp-json\/wp\/v2\/product"}],"about":[{"href":"https:\/\/old.elalmacendeloza.com\/en\/wp-json\/wp\/v2\/types\/product"}],"replies":[{"embeddable":true,"href":"https:\/\/old.elalmacendeloza.com\/en\/wp-json\/wp\/v2\/comments?post=19925"}],"wp:featuredmedia":[{"embeddable":true,"href":"https:\/\/old.elalmacendeloza.com\/en\/wp-json\/wp\/v2\/media\/19926"}],"wp:attachment":[{"href":"https:\/\/old.elalmacendeloza.com\/en\/wp-json\/wp\/v2\/media?parent=19925"}],"wp:term":[{"taxonomy":"product_brand","embeddable":true,"href":"https:\/\/old.elalmacendeloza.com\/en\/wp-json\/wp\/v2\/product_brand?post=19925"},{"taxonomy":"product_cat","embeddable":true,"href":"https:\/\/old.elalmacendeloza.com\/en\/wp-json\/wp\/v2\/product_cat?post=19925"},{"taxonomy":"product_tag","embeddable":true,"href":"https:\/\/old.elalmacendeloza.com\/en\/wp-json\/wp\/v2\/product_tag?post=19925"}],"curies":[{"name":"wp","href":"https:\/\/api.w.org\/{rel}","templated":true}]}}

https://elalmacendeloza.com/sin%20categoría/sandia-plato-postre/

<div class="container-description">
<div class="description">
<h3 class="title-description">Sandía- Plato postre</h3>
<p> La mítica casa de cerámica portuguesa, Bordallo Pinheiro, es un clásico que no puede faltar en ninguna mesa.  La colección Sandía da el frescor veraniego que necesitan tus mesas de verano. </p>
<p>Material: Loza</p>
<p>Altura:2,5 cm  Anchura: 21,5 cm ; Longitud: 21,5cm </p>
</p></div>
<div class="square">
<h3 class="title-description">Cuidados</h3>
<ul class="ul-square">
<li class="li-square">Apto para lavaplatos</li>
<li class="li-square"> Apto para microondas</li>
<li class="li-square">No apto para horno</li>
</ul></div>
</div>
