{"id":19885,"date":"2025-07-23T23:30:16","date_gmt":"2025-07-23T21:30:16","guid":{"rendered":"https:\/\/elalmacendeloza.com\/sin%20categor\u00eda\/vela-te-6cm-set-4\/"},"modified":"2026-04-27T12:56:17","modified_gmt":"2026-04-27T10:56:17","slug":"vela-te-6cm-set-4","status":"publish","type":"product","link":"https:\/\/old.elalmacendeloza.com\/en\/lightning\/candles\/vela-te-6cm-set-4\/","title":{"rendered":"Vela t\u00e9 6cm  &#8211; set 4"},"content":{"rendered":"<div class=\"container-description\">\n<div class=\"description\">\n<h3 class=\"title-description\">Vela t\u00e9  <\/h3>\n<p>Las velas t\u00e9 son fant\u00e1sticas para los porta velas de menor tama\u00f1o.  Lo mejor de este set de 4 velas es que tienen un tama\u00f1o m\u00e1s grande que permite iluminar m\u00e1s, y tiene una duraci\u00f3n m\u00e1s largas que las velas porta t\u00e9 habituales.  Duraci\u00f3n aproximada de 8,5 horas <\/p>\n<p> Medida:\u00d86x2cm   <\/p>\n<p>Material:Parafinal<\/p>\n<\/p><\/div>\n<div class=\"square\">\n<h3 class=\"title-description\">Cuidados<\/h3>\n<ul class=\"ul-square\">\n<li class=\"li-square\"> No son necesarios.<\/li><\/div>\n<\/div>\n","protected":false},"excerpt":{"rendered":"<p>Se vende en paquetes de 4 unidades.\u00a0<\/p>\n","protected":false},"featured_media":19886,"comment_status":"open","ping_status":"closed","template":"","meta":[],"product_brand":[],"product_cat":[121],"product_tag":[],"class_list":{"0":"post-19885","1":"product","2":"type-product","3":"status-publish","4":"has-post-thumbnail","6":"product_cat-velas","7":"pa_brand-affari","8":"pa_color-blanco","9":"pa_tamano-6cm","11":"first","12":"instock","13":"taxable","14":"shipping-taxable","15":"purchasable","16":"product-type-simple"},"_links":{"self":[{"href":"https:\/\/old.elalmacendeloza.com\/en\/wp-json\/wp\/v2\/product\/19885","targetHints":{"allow":["GET"]}}],"collection":[{"href":"https:\/\/old.elalmacendeloza.com\/en\/wp-json\/wp\/v2\/product"}],"about":[{"href":"https:\/\/old.elalmacendeloza.com\/en\/wp-json\/wp\/v2\/types\/product"}],"replies":[{"embeddable":true,"href":"https:\/\/old.elalmacendeloza.com\/en\/wp-json\/wp\/v2\/comments?post=19885"}],"wp:featuredmedia":[{"embeddable":true,"href":"https:\/\/old.elalmacendeloza.com\/en\/wp-json\/wp\/v2\/media\/19886"}],"wp:attachment":[{"href":"https:\/\/old.elalmacendeloza.com\/en\/wp-json\/wp\/v2\/media?parent=19885"}],"wp:term":[{"taxonomy":"product_brand","embeddable":true,"href":"https:\/\/old.elalmacendeloza.com\/en\/wp-json\/wp\/v2\/product_brand?post=19885"},{"taxonomy":"product_cat","embeddable":true,"href":"https:\/\/old.elalmacendeloza.com\/en\/wp-json\/wp\/v2\/product_cat?post=19885"},{"taxonomy":"product_tag","embeddable":true,"href":"https:\/\/old.elalmacendeloza.com\/en\/wp-json\/wp\/v2\/product_tag?post=19885"}],"curies":[{"name":"wp","href":"https:\/\/api.w.org\/{rel}","templated":true}]}}

https://elalmacendeloza.com/sin%20categoría/vela-te-6cm-set-4/

Vela té 6cm  &#8211; set 4

<div class="container-description">
<div class="description">
<h3 class="title-description">Vela té  </h3>
<p>Las velas té son fantásticas para los porta velas de menor tamaño.  Lo mejor de este set de 4 velas es que tienen un tamaño más grande que permite iluminar más, y tiene una duración más largas que las velas porta té habituales.  Duración aproximada de 8,5 horas </p>
<p> Medida:Ø6x2cm   </p>
<p>Material:Parafinal</p>
</p></div>
<div class="square">
<h3 class="title-description">Cuidados</h3>
<ul class="ul-square">
<li class="li-square"> No son necesarios.</li></div>
</div>
