{"id":19696,"date":"2025-07-01T16:03:36","date_gmt":"2025-07-01T14:03:36","guid":{"rendered":"https:\/\/elalmacendeloza.com\/sin%20categor\u00eda\/bandeja-rayas-45x30cm\/"},"modified":"2026-03-19T11:30:31","modified_gmt":"2026-03-19T10:30:31","slug":"bandeja-rayas-45x30cm","status":"publish","type":"product","link":"https:\/\/old.elalmacendeloza.com\/en\/trays\/trays-trays\/bandeja-rayas-45x30cm\/","title":{"rendered":"Bandeja rayas 45x30cm"},"content":{"rendered":"<div class=\"container-description\">\n<div class=\"description\">\n<h3 class=\"title-description\"> Bandeja de rayas   <\/h3>\n<p> Bandeja muy \u00fatil para el d\u00eda a d\u00eda, con su estilo de rayas le da un toque fresco a tu cocina. Disponible en 2 colores. <\/p>\n<h3 class=\"title-description\"> Caracter\u00edsticas:  <\/h3>\n<p> Medida: 45x30x4,5cm<\/p>\n<p>Material: madera <\/p>\n<\/p><\/div>\n<div class=\"square\">\n<h3 class=\"title-description\">Cuidados<\/h3>\n<ul class=\"ul-square\">\n<li class=\"li-square\">Lavar con un pa\u00f1o h\u00famedo <\/li>\n<\/ul><\/div>\n<\/div>\n","protected":false},"excerpt":{"rendered":"<p>45x30x4,5cm<\/p>\n","protected":false},"featured_media":19697,"comment_status":"open","ping_status":"closed","template":"","meta":[],"product_brand":[],"product_cat":[85],"product_tag":[],"class_list":{"0":"post-19696","1":"product","2":"type-product","3":"status-publish","4":"has-post-thumbnail","6":"product_cat-bandejas-bandejas","7":"pa_brand-versa","8":"pa_color-amarillo","9":"pa_color-azul-blanco-2","10":"pa_tamano-45x30x45cm","12":"first","13":"instock","14":"taxable","15":"shipping-taxable","16":"purchasable","17":"product-type-variable"},"_links":{"self":[{"href":"https:\/\/old.elalmacendeloza.com\/en\/wp-json\/wp\/v2\/product\/19696","targetHints":{"allow":["GET"]}}],"collection":[{"href":"https:\/\/old.elalmacendeloza.com\/en\/wp-json\/wp\/v2\/product"}],"about":[{"href":"https:\/\/old.elalmacendeloza.com\/en\/wp-json\/wp\/v2\/types\/product"}],"replies":[{"embeddable":true,"href":"https:\/\/old.elalmacendeloza.com\/en\/wp-json\/wp\/v2\/comments?post=19696"}],"wp:featuredmedia":[{"embeddable":true,"href":"https:\/\/old.elalmacendeloza.com\/en\/wp-json\/wp\/v2\/media\/19697"}],"wp:attachment":[{"href":"https:\/\/old.elalmacendeloza.com\/en\/wp-json\/wp\/v2\/media?parent=19696"}],"wp:term":[{"taxonomy":"product_brand","embeddable":true,"href":"https:\/\/old.elalmacendeloza.com\/en\/wp-json\/wp\/v2\/product_brand?post=19696"},{"taxonomy":"product_cat","embeddable":true,"href":"https:\/\/old.elalmacendeloza.com\/en\/wp-json\/wp\/v2\/product_cat?post=19696"},{"taxonomy":"product_tag","embeddable":true,"href":"https:\/\/old.elalmacendeloza.com\/en\/wp-json\/wp\/v2\/product_tag?post=19696"}],"curies":[{"name":"wp","href":"https:\/\/api.w.org\/{rel}","templated":true}]}}

https://elalmacendeloza.com/sin%20categoría/bandeja-rayas-45x30cm/

<div class="container-description">
<div class="description">
<h3 class="title-description"> Bandeja de rayas   </h3>
<p> Bandeja muy útil para el día a día, con su estilo de rayas le da un toque fresco a tu cocina. Disponible en 2 colores. </p>
<h3 class="title-description"> Características:  </h3>
<p> Medida: 45x30x4,5cm</p>
<p>Material: madera </p>
</p></div>
<div class="square">
<h3 class="title-description">Cuidados</h3>
<ul class="ul-square">
<li class="li-square">Lavar con un paño húmedo </li>
</ul></div>
</div>
