{"id":19641,"date":"2025-06-26T16:32:49","date_gmt":"2025-06-26T14:32:49","guid":{"rendered":"https:\/\/elalmacendeloza.com\/sin%20categor\u00eda\/maria-cuenco\/"},"modified":"2026-01-09T17:07:14","modified_gmt":"2026-01-09T16:07:14","slug":"maria-cuenco","status":"publish","type":"product","link":"https:\/\/old.elalmacendeloza.com\/en\/tableware\/bowls\/maria-cuenco\/","title":{"rendered":"Mar\u00eda cuenco"},"content":{"rendered":"<div class=\"container-description\">\n<div class=\"description\">\n<h3 class=\"title-description\">  Vajilla Mar\u00eda  <\/h3>\n<p> El nombre es en honor  a mi madre que me ayudo a dise\u00f1arla. Esta pintada a mano en Espa\u00f1a, con un dise\u00f1o fresco que combina flores, geometr\u00eda y la imperfecci\u00f3n encantadora de lo hecho a mano.<br \/>\nCada pieza es \u00fanica y est\u00e1 elaborada artesanalmente por nuestros talleres, pensada para mesas que celebran el detalle y el disfrute de las mesas bonitas .<\/p>\n<h3 class=\"title-description\"> Caracter\u00edsticas:  <\/h3>\n<p> Medida: 15cm <\/p>\n<p>Material: barro <\/p>\n<\/p><\/div>\n<div class=\"square\">\n<h3 class=\"title-description\">Cuidados<\/h3>\n<ul class=\"ul-square\">\n<li class=\"li-square\"> Apto para lavaplatos <\/li>\n<li class=\"li-square\"> Apto para microondas <\/li>\n<\/ul><\/div>\n<\/div>\n","protected":false},"excerpt":{"rendered":"<p>\u00a0Pintada a mano en Espa\u00f1a.\u00a0<\/p>\n","protected":false},"featured_media":19642,"comment_status":"open","ping_status":"closed","template":"","meta":[],"product_brand":[],"product_cat":[135],"product_tag":[],"class_list":{"0":"post-19641","1":"product","2":"type-product","3":"status-publish","4":"has-post-thumbnail","6":"product_cat-cuencos","7":"pa_brand-manzano-ceramica","8":"pa_color-azul","9":"pa_color-verde","10":"pa_tamano-15cm","12":"first","13":"instock","14":"taxable","15":"shipping-taxable","16":"purchasable","17":"product-type-variable"},"_links":{"self":[{"href":"https:\/\/old.elalmacendeloza.com\/en\/wp-json\/wp\/v2\/product\/19641","targetHints":{"allow":["GET"]}}],"collection":[{"href":"https:\/\/old.elalmacendeloza.com\/en\/wp-json\/wp\/v2\/product"}],"about":[{"href":"https:\/\/old.elalmacendeloza.com\/en\/wp-json\/wp\/v2\/types\/product"}],"replies":[{"embeddable":true,"href":"https:\/\/old.elalmacendeloza.com\/en\/wp-json\/wp\/v2\/comments?post=19641"}],"wp:featuredmedia":[{"embeddable":true,"href":"https:\/\/old.elalmacendeloza.com\/en\/wp-json\/wp\/v2\/media\/19642"}],"wp:attachment":[{"href":"https:\/\/old.elalmacendeloza.com\/en\/wp-json\/wp\/v2\/media?parent=19641"}],"wp:term":[{"taxonomy":"product_brand","embeddable":true,"href":"https:\/\/old.elalmacendeloza.com\/en\/wp-json\/wp\/v2\/product_brand?post=19641"},{"taxonomy":"product_cat","embeddable":true,"href":"https:\/\/old.elalmacendeloza.com\/en\/wp-json\/wp\/v2\/product_cat?post=19641"},{"taxonomy":"product_tag","embeddable":true,"href":"https:\/\/old.elalmacendeloza.com\/en\/wp-json\/wp\/v2\/product_tag?post=19641"}],"curies":[{"name":"wp","href":"https:\/\/api.w.org\/{rel}","templated":true}]}}

https://elalmacendeloza.com/sin%20categoría/maria-cuenco/

María cuenco

<div class="container-description">
<div class="description">
<h3 class="title-description">  Vajilla María  </h3>
<p> El nombre es en honor  a mi madre que me ayudo a diseñarla. Esta pintada a mano en España, con un diseño fresco que combina flores, geometría y la imperfección encantadora de lo hecho a mano.<br />
Cada pieza es única y está elaborada artesanalmente por nuestros talleres, pensada para mesas que celebran el detalle y el disfrute de las mesas bonitas .</p>
<h3 class="title-description"> Características:  </h3>
<p> Medida: 15cm </p>
<p>Material: barro </p>
</p></div>
<div class="square">
<h3 class="title-description">Cuidados</h3>
<ul class="ul-square">
<li class="li-square"> Apto para lavaplatos </li>
<li class="li-square"> Apto para microondas </li>
</ul></div>
</div>

<p> Pintada a mano en España. </p>
