{"id":17687,"date":"2025-03-24T16:40:52","date_gmt":"2025-03-24T15:40:52","guid":{"rendered":"https:\/\/elalmacendeloza.com\/sin%20categor\u00eda\/oporto-ensaladera\/"},"modified":"2026-01-09T16:45:09","modified_gmt":"2026-01-09T15:45:09","slug":"oporto-ensaladera","status":"publish","type":"product","link":"https:\/\/old.elalmacendeloza.com\/en\/tableware\/platters-and-salad-bowls\/oporto-ensaladera\/","title":{"rendered":"Oporto &#8211; Ensaladera"},"content":{"rendered":"<div class=\"container-description\">\n<div class=\"description\">\n<h3 class=\"title-description\"> Oporto plato ensaladera <\/h3>\n<p> La nueva colecci\u00f3n Oporto te va encantar . Su estilo sencillo y atemporal har\u00e1 que tus mesas de verano tengan un toque retro y te transporten a la maravillosa ciudad portuguesa. La ensaladera ser\u00e1 el elemento que m\u00e1s utilices este verano para tus ensaladas o gazpachos en familia o con amigos.  <\/p>\n<h3 class=\"title-description\"> Caracter\u00edsticas:  <\/h3>\n<p> Medida: \u00d8 24cm x11.5cm alto<\/p>\n<p>Material: Porcelana<\/p>\n<\/p><\/div>\n<div class=\"square\">\n<h3 class=\"title-description\">Cuidados<\/h3>\n<ul class=\"ul-square\">\n<li class=\"li-square\"> Apto para lavaplatos <\/li>\n<li class=\"li-square\"> Apto para microondas <\/li>\n<\/ul><\/div>\n<\/div>\n","protected":false},"excerpt":{"rendered":"<p>\u00d824cm\u00a0<\/p>\n<p><\/p>\n","protected":false},"featured_media":17694,"comment_status":"open","ping_status":"closed","template":"","meta":[],"product_brand":[],"product_cat":[132],"product_tag":[],"class_list":{"0":"post-17687","1":"product","2":"type-product","3":"status-publish","4":"has-post-thumbnail","6":"product_cat-fuentes-y-ensaladeras","7":"pa_brand-tranquilo","8":"pa_color-blanco-azul","9":"pa_tamano-24cm","11":"first","12":"instock","13":"taxable","14":"shipping-taxable","15":"purchasable","16":"product-type-simple"},"_links":{"self":[{"href":"https:\/\/old.elalmacendeloza.com\/en\/wp-json\/wp\/v2\/product\/17687","targetHints":{"allow":["GET"]}}],"collection":[{"href":"https:\/\/old.elalmacendeloza.com\/en\/wp-json\/wp\/v2\/product"}],"about":[{"href":"https:\/\/old.elalmacendeloza.com\/en\/wp-json\/wp\/v2\/types\/product"}],"replies":[{"embeddable":true,"href":"https:\/\/old.elalmacendeloza.com\/en\/wp-json\/wp\/v2\/comments?post=17687"}],"wp:featuredmedia":[{"embeddable":true,"href":"https:\/\/old.elalmacendeloza.com\/en\/wp-json\/wp\/v2\/media\/17694"}],"wp:attachment":[{"href":"https:\/\/old.elalmacendeloza.com\/en\/wp-json\/wp\/v2\/media?parent=17687"}],"wp:term":[{"taxonomy":"product_brand","embeddable":true,"href":"https:\/\/old.elalmacendeloza.com\/en\/wp-json\/wp\/v2\/product_brand?post=17687"},{"taxonomy":"product_cat","embeddable":true,"href":"https:\/\/old.elalmacendeloza.com\/en\/wp-json\/wp\/v2\/product_cat?post=17687"},{"taxonomy":"product_tag","embeddable":true,"href":"https:\/\/old.elalmacendeloza.com\/en\/wp-json\/wp\/v2\/product_tag?post=17687"}],"curies":[{"name":"wp","href":"https:\/\/api.w.org\/{rel}","templated":true}]}}

https://elalmacendeloza.com/sin%20categoría/oporto-ensaladera/

<div class="container-description">
<div class="description">
<h3 class="title-description"> Oporto plato ensaladera </h3>
<p> La nueva colección Oporto te va encantar . Su estilo sencillo y atemporal hará que tus mesas de verano tengan un toque retro y te transporten a la maravillosa ciudad portuguesa. La ensaladera será el elemento que más utilices este verano para tus ensaladas o gazpachos en familia o con amigos.  </p>
<h3 class="title-description"> Características:  </h3>
<p> Medida: Ø 24cm x11.5cm alto</p>
<p>Material: Porcelana</p>
</p></div>
<div class="square">
<h3 class="title-description">Cuidados</h3>
<ul class="ul-square">
<li class="li-square"> Apto para lavaplatos </li>
<li class="li-square"> Apto para microondas </li>
</ul></div>
</div>

<p>Ø24cm </p>
<p></p>
