{"id":17533,"date":"2025-03-12T19:38:58","date_gmt":"2025-03-12T18:38:58","guid":{"rendered":"https:\/\/elalmacendeloza.com\/sin%20categor\u00eda\/rell-plato-desayuno-azul\/"},"modified":"2026-02-13T14:10:14","modified_gmt":"2026-02-13T13:10:14","slug":"rell-plato-desayuno-azul","status":"publish","type":"product","link":"https:\/\/old.elalmacendeloza.com\/en\/cups-and-breakfast\/breakfast-snack-plate\/rell-plato-desayuno-azul\/","title":{"rendered":"Rell &#8211; Plato desayuno azul"},"content":{"rendered":"<div class=\"container-description\">\n<div class=\"description\">\n<h3 class=\"title-description\"> Rell plato desayuno  <\/h3>\n<p> Este plato de desayuno con un dise\u00f1o atemporal es la mejor opci\u00f3n para disfrutar de los largos desayunos esta primavera. Descubre la colecci\u00f3n completa de tazas y platos.<\/p>\n<h3 class=\"title-description\"> Caracter\u00edsticas:  <\/h3>\n<p> Medida: \u00d820cm <\/p>\n<p>Material: Gr\u00e9s<\/p>\n<\/p><\/div>\n<div class=\"square\">\n<h3 class=\"title-description\">Cuidados<\/h3>\n<ul class=\"ul-square\">\n<li class=\"li-square\"> Apto para lavaplatos <\/li>\n<li class=\"li-square\"> Apto para microondas <\/li>\n<\/ul><\/div>\n<\/div>\n","protected":false},"excerpt":{"rendered":"<p>\u00d820cm<\/p>\n<p><\/p>\n","protected":false},"featured_media":17534,"comment_status":"open","ping_status":"closed","template":"","meta":[],"product_brand":[],"product_cat":[680,575],"product_tag":[],"class_list":{"0":"post-17533","1":"product","2":"type-product","3":"status-publish","4":"has-post-thumbnail","6":"product_cat-plato-desayuno-merienda","7":"product_cat-rebajas","8":"pa_brand-tranquilo","9":"pa_color-azul","10":"pa_tamano-20-cm","12":"first","13":"instock","14":"sale","15":"taxable","16":"shipping-taxable","17":"purchasable","18":"product-type-simple"},"_links":{"self":[{"href":"https:\/\/old.elalmacendeloza.com\/en\/wp-json\/wp\/v2\/product\/17533","targetHints":{"allow":["GET"]}}],"collection":[{"href":"https:\/\/old.elalmacendeloza.com\/en\/wp-json\/wp\/v2\/product"}],"about":[{"href":"https:\/\/old.elalmacendeloza.com\/en\/wp-json\/wp\/v2\/types\/product"}],"replies":[{"embeddable":true,"href":"https:\/\/old.elalmacendeloza.com\/en\/wp-json\/wp\/v2\/comments?post=17533"}],"wp:featuredmedia":[{"embeddable":true,"href":"https:\/\/old.elalmacendeloza.com\/en\/wp-json\/wp\/v2\/media\/17534"}],"wp:attachment":[{"href":"https:\/\/old.elalmacendeloza.com\/en\/wp-json\/wp\/v2\/media?parent=17533"}],"wp:term":[{"taxonomy":"product_brand","embeddable":true,"href":"https:\/\/old.elalmacendeloza.com\/en\/wp-json\/wp\/v2\/product_brand?post=17533"},{"taxonomy":"product_cat","embeddable":true,"href":"https:\/\/old.elalmacendeloza.com\/en\/wp-json\/wp\/v2\/product_cat?post=17533"},{"taxonomy":"product_tag","embeddable":true,"href":"https:\/\/old.elalmacendeloza.com\/en\/wp-json\/wp\/v2\/product_tag?post=17533"}],"curies":[{"name":"wp","href":"https:\/\/api.w.org\/{rel}","templated":true}]}}

https://elalmacendeloza.com/sin%20categoría/rell-plato-desayuno-azul/

<div class="container-description">
<div class="description">
<h3 class="title-description"> Rell plato desayuno  </h3>
<p> Este plato de desayuno con un diseño atemporal es la mejor opción para disfrutar de los largos desayunos esta primavera. Descubre la colección completa de tazas y platos.</p>
<h3 class="title-description"> Características:  </h3>
<p> Medida: Ø20cm </p>
<p>Material: Grés</p>
</p></div>
<div class="square">
<h3 class="title-description">Cuidados</h3>
<ul class="ul-square">
<li class="li-square"> Apto para lavaplatos </li>
<li class="li-square"> Apto para microondas </li>
</ul></div>
</div>

<p>Ø20cm</p>
<p></p>
