{"id":16538,"date":"2024-11-25T22:48:03","date_gmt":"2024-11-25T21:48:03","guid":{"rendered":"https:\/\/elalmacendeloza.com\/sin%20categor\u00eda\/pano-cocina-ibisco\/"},"modified":"2026-01-09T16:47:29","modified_gmt":"2026-01-09T15:47:29","slug":"pano-cocina-ibisco","status":"publish","type":"product","link":"https:\/\/old.elalmacendeloza.com\/en\/table-linen\/kitchen-cloth\/pano-cocina-ibisco\/","title":{"rendered":"Pa\u00f1o cocina- Ibisco"},"content":{"rendered":"<div class=\"container-description\">\n<div class=\"description\">\n<h3 class=\"title-description\">Pa\u00f1o de cocina ibisco  <\/h3>\n<p> Dale un toque divertido y elegante a tu cocina con la colecci\u00f3n de pa\u00f1os de lino. Un elemento decorativo que no pasar\u00e1 desapercibido. <\/p>\n<p>Material: lino<\/p>\n<p>Medidas: 50x70cm <\/p>\n<\/p><\/div>\n<div class=\"square\">\n<h3 class=\"title-description\">Cuidados<\/h3>\n<ul class=\"ul-square\">\n<li class=\"li-square\"> Apto para lavadora en agua fr\u00eda<\/li>\n<\/ul><\/div>\n<\/div>\n","protected":false},"excerpt":{"rendered":"<p>50x70cm<\/p>\n","protected":false},"featured_media":16539,"comment_status":"open","ping_status":"closed","template":"","meta":[],"product_brand":[],"product_cat":[124],"product_tag":[],"class_list":{"0":"post-16538","1":"product","2":"type-product","3":"status-publish","4":"has-post-thumbnail","6":"product_cat-pano-cocina","7":"pa_brand-tessitura-toscana","8":"pa_sa_dibujo-flores","9":"pa_tamano-50x70cm","11":"first","12":"instock","13":"taxable","14":"shipping-taxable","15":"purchasable","16":"product-type-simple"},"_links":{"self":[{"href":"https:\/\/old.elalmacendeloza.com\/en\/wp-json\/wp\/v2\/product\/16538","targetHints":{"allow":["GET"]}}],"collection":[{"href":"https:\/\/old.elalmacendeloza.com\/en\/wp-json\/wp\/v2\/product"}],"about":[{"href":"https:\/\/old.elalmacendeloza.com\/en\/wp-json\/wp\/v2\/types\/product"}],"replies":[{"embeddable":true,"href":"https:\/\/old.elalmacendeloza.com\/en\/wp-json\/wp\/v2\/comments?post=16538"}],"wp:featuredmedia":[{"embeddable":true,"href":"https:\/\/old.elalmacendeloza.com\/en\/wp-json\/wp\/v2\/media\/16539"}],"wp:attachment":[{"href":"https:\/\/old.elalmacendeloza.com\/en\/wp-json\/wp\/v2\/media?parent=16538"}],"wp:term":[{"taxonomy":"product_brand","embeddable":true,"href":"https:\/\/old.elalmacendeloza.com\/en\/wp-json\/wp\/v2\/product_brand?post=16538"},{"taxonomy":"product_cat","embeddable":true,"href":"https:\/\/old.elalmacendeloza.com\/en\/wp-json\/wp\/v2\/product_cat?post=16538"},{"taxonomy":"product_tag","embeddable":true,"href":"https:\/\/old.elalmacendeloza.com\/en\/wp-json\/wp\/v2\/product_tag?post=16538"}],"curies":[{"name":"wp","href":"https:\/\/api.w.org\/{rel}","templated":true}]}}

https://elalmacendeloza.com/sin%20categoría/pano-cocina-ibisco/

Paño cocina- Ibisco

<div class="container-description">
<div class="description">
<h3 class="title-description">Paño de cocina ibisco  </h3>
<p> Dale un toque divertido y elegante a tu cocina con la colección de paños de lino. Un elemento decorativo que no pasará desapercibido. </p>
<p>Material: lino</p>
<p>Medidas: 50x70cm </p>
</p></div>
<div class="square">
<h3 class="title-description">Cuidados</h3>
<ul class="ul-square">
<li class="li-square"> Apto para lavadora en agua fría</li>
</ul></div>
</div>
