{"id":15757,"date":"2024-10-25T15:38:27","date_gmt":"2024-10-25T13:38:27","guid":{"rendered":"https:\/\/elalmacendeloza.com\/sin%20categor\u00eda\/rabanera-media-luna-cristal\/"},"modified":"2026-04-04T19:24:17","modified_gmt":"2026-04-04T17:24:17","slug":"rabanera-media-luna-cristal","status":"publish","type":"product","link":"https:\/\/old.elalmacendeloza.com\/en\/los-mas-deseados\/rabanera-media-luna-cristal\/","title":{"rendered":"Rabanera media luna cristal"},"content":{"rendered":"<div class=\"container-description\">\n<div class=\"description\">\n<h3 class=\"title-description\"> Rabanera media luna  <\/h3>\n<p>Presenta tus aperitivos y acompa\u00f1amientos de forma elegante con esta rabanera de cristal en forma de media luna, dise\u00f1ada para realzar cualquier ocasi\u00f3n especial o comida diaria. Con unas dimensiones de 12 x 21 cm, este utensilio combina un estilo moderno y sofisticado con un tama\u00f1o ideal para servir rabanitos, aceitunas, encurtidos, o cualquier guarnici\u00f3n que desees. Su forma de media luna no solo aporta un toque visual atractivo, sino que tambi\u00e9n permite una disposici\u00f3n pr\u00e1ctica en la mesa, adapt\u00e1ndose f\u00e1cilmente junto a otros platos. Fabricada en cristal de alta calidad, la rabanera ofrece resistencia y un acabado brillante que a\u00f1ade un toque de sofisticaci\u00f3n a la presentaci\u00f3n de tus alimentos. <\/p>\n<h3 class=\"title-description\"> Caracter\u00edsticas:  <\/h3>\n<p> Medida:12 x 21 cm <\/p>\n<p>Material: vidrio corte fr\u00edo <\/p>\n<\/p><\/div>\n<div class=\"square\">\n<h3 class=\"title-description\">Cuidados<\/h3>\n<ul class=\"ul-square\">\n<li class=\"li-square\"> Apto para lavaplatos.<\/li>\n<\/ul><\/div>\n<\/div>\n","protected":false},"excerpt":{"rendered":"<\/p>\n<p>Rabanera de cristal en forma de media luna (12&#215;21 cm), perfecta para servir aperitivos y acompa\u00f1amientos con un toque de elegancia. Su dise\u00f1o estilizado y su material de alta calidad aportan sofisticaci\u00f3n a cualquier mesa.<\/p>\n<p><\/p>\n<p><\/p><\/p>\n","protected":false},"featured_media":15758,"comment_status":"open","ping_status":"closed","template":"","meta":[],"product_brand":[],"product_cat":[132,1473],"product_tag":[],"class_list":{"0":"post-15757","1":"product","2":"type-product","3":"status-publish","4":"has-post-thumbnail","6":"product_cat-fuentes-y-ensaladeras","7":"product_cat-los-mas-deseados","8":"pa_brand-vidrocen","9":"pa_color-transparente","10":"pa_tamano-unico","12":"first","13":"instock","14":"taxable","15":"shipping-taxable","16":"purchasable","17":"product-type-simple"},"_links":{"self":[{"href":"https:\/\/old.elalmacendeloza.com\/en\/wp-json\/wp\/v2\/product\/15757","targetHints":{"allow":["GET"]}}],"collection":[{"href":"https:\/\/old.elalmacendeloza.com\/en\/wp-json\/wp\/v2\/product"}],"about":[{"href":"https:\/\/old.elalmacendeloza.com\/en\/wp-json\/wp\/v2\/types\/product"}],"replies":[{"embeddable":true,"href":"https:\/\/old.elalmacendeloza.com\/en\/wp-json\/wp\/v2\/comments?post=15757"}],"wp:featuredmedia":[{"embeddable":true,"href":"https:\/\/old.elalmacendeloza.com\/en\/wp-json\/wp\/v2\/media\/15758"}],"wp:attachment":[{"href":"https:\/\/old.elalmacendeloza.com\/en\/wp-json\/wp\/v2\/media?parent=15757"}],"wp:term":[{"taxonomy":"product_brand","embeddable":true,"href":"https:\/\/old.elalmacendeloza.com\/en\/wp-json\/wp\/v2\/product_brand?post=15757"},{"taxonomy":"product_cat","embeddable":true,"href":"https:\/\/old.elalmacendeloza.com\/en\/wp-json\/wp\/v2\/product_cat?post=15757"},{"taxonomy":"product_tag","embeddable":true,"href":"https:\/\/old.elalmacendeloza.com\/en\/wp-json\/wp\/v2\/product_tag?post=15757"}],"curies":[{"name":"wp","href":"https:\/\/api.w.org\/{rel}","templated":true}]}}

https://elalmacendeloza.com/sin%20categoría/rabanera-media-luna-cristal/

<div class="container-description">
<div class="description">
<h3 class="title-description"> Rabanera media luna  </h3>
<p>Presenta tus aperitivos y acompañamientos de forma elegante con esta rabanera de cristal en forma de media luna, diseñada para realzar cualquier ocasión especial o comida diaria. Con unas dimensiones de 12 x 21 cm, este utensilio combina un estilo moderno y sofisticado con un tamaño ideal para servir rabanitos, aceitunas, encurtidos, o cualquier guarnición que desees. Su forma de media luna no solo aporta un toque visual atractivo, sino que también permite una disposición práctica en la mesa, adaptándose fácilmente junto a otros platos. Fabricada en cristal de alta calidad, la rabanera ofrece resistencia y un acabado brillante que añade un toque de sofisticación a la presentación de tus alimentos. </p>
<h3 class="title-description"> Características:  </h3>
<p> Medida:12 x 21 cm </p>
<p>Material: vidrio corte frío </p>
</p></div>
<div class="square">
<h3 class="title-description">Cuidados</h3>
<ul class="ul-square">
<li class="li-square"> Apto para lavaplatos.</li>
</ul></div>
</div>

</p>
<p>Rabanera de cristal en forma de media luna (12&#215;21 cm), perfecta para servir aperitivos y acompañamientos con un toque de elegancia. Su diseño estilizado y su material de alta calidad aportan sofisticación a cualquier mesa.</p>
<p></p>
<p></p></p>
