{"id":15525,"date":"2024-10-22T16:57:25","date_gmt":"2024-10-22T14:57:25","guid":{"rendered":"https:\/\/elalmacendeloza.com\/sin%20categor\u00eda\/retama-cesta-pan-cuadrada\/"},"modified":"2026-04-20T12:58:44","modified_gmt":"2026-04-20T10:58:44","slug":"retama-cesta-pan-cuadrada","status":"publish","type":"product","link":"https:\/\/old.elalmacendeloza.com\/en\/baskets\/bread-bins\/retama-cesta-pan-cuadrada\/","title":{"rendered":"Retama cesta pan cuadrada"},"content":{"rendered":"<div class=\"container-description\">\n<div class=\"description\">\n<h3 class=\"title-description\"> Cesto de pan cuadrado de retama <\/h3>\n<p>Cesta de retama tejida a mano, elaborada con materiales naturales provenientes de Ja\u00e9n. Cada pieza refleja la tradici\u00f3n artesanal de la regi\u00f3n, utilizando retama de alta calidad que garantiza durabilidad y un acabado \u00fanico. Ideal como panera o para organizar espacios, esta cesta aporta un toque r\u00fastico y aut\u00e9ntico a cualquier ambiente. Disponible en dos tama\u00f1os <\/p>\n<h3 class=\"title-description\"> Caracter\u00edsticas:  <\/h3>\n<p> Medida: 17x16x8cm\/13,5&#215;12,5x6cm <\/p>\n<p>Material: Loza <\/p>\n<\/p><\/div>\n<div class=\"square\">\n<h3 class=\"title-description\">Cuidados<\/h3>\n<ul class=\"ul-square\">\n<li class=\"li-square\"> Se recomienda limpiar con un pa\u00f1o h\u00famedo<\/li>\n<li class=\"li-square\">  Producto muy fr\u00e1gil.<\/li>\n<\/ul><\/div>\n<\/div>\n","protected":false},"excerpt":{"rendered":"<p>Cesta artesanal de retama, ideal como panera o para decorar tu hogar. Su dise\u00f1o natural y resistente aporta un toque r\u00fastico y c\u00e1lido a cualquier ambiente. Disponible en 2 tama\u00f1os.\u00a0<\/p>\n<p><\/p>\n","protected":false},"featured_media":15532,"comment_status":"open","ping_status":"closed","template":"","meta":[],"product_brand":[],"product_cat":[95],"product_tag":[],"class_list":{"0":"post-15525","1":"product","2":"type-product","3":"status-publish","4":"has-post-thumbnail","6":"product_cat-paneras","7":"pa_brand-san-jose-artesania","8":"pa_color-natural","9":"pa_tamano-14x14cm","10":"pa_tamano-19x19cm","12":"first","13":"instock","14":"taxable","15":"shipping-taxable","16":"purchasable","17":"product-type-variable"},"_links":{"self":[{"href":"https:\/\/old.elalmacendeloza.com\/en\/wp-json\/wp\/v2\/product\/15525","targetHints":{"allow":["GET"]}}],"collection":[{"href":"https:\/\/old.elalmacendeloza.com\/en\/wp-json\/wp\/v2\/product"}],"about":[{"href":"https:\/\/old.elalmacendeloza.com\/en\/wp-json\/wp\/v2\/types\/product"}],"replies":[{"embeddable":true,"href":"https:\/\/old.elalmacendeloza.com\/en\/wp-json\/wp\/v2\/comments?post=15525"}],"wp:featuredmedia":[{"embeddable":true,"href":"https:\/\/old.elalmacendeloza.com\/en\/wp-json\/wp\/v2\/media\/15532"}],"wp:attachment":[{"href":"https:\/\/old.elalmacendeloza.com\/en\/wp-json\/wp\/v2\/media?parent=15525"}],"wp:term":[{"taxonomy":"product_brand","embeddable":true,"href":"https:\/\/old.elalmacendeloza.com\/en\/wp-json\/wp\/v2\/product_brand?post=15525"},{"taxonomy":"product_cat","embeddable":true,"href":"https:\/\/old.elalmacendeloza.com\/en\/wp-json\/wp\/v2\/product_cat?post=15525"},{"taxonomy":"product_tag","embeddable":true,"href":"https:\/\/old.elalmacendeloza.com\/en\/wp-json\/wp\/v2\/product_tag?post=15525"}],"curies":[{"name":"wp","href":"https:\/\/api.w.org\/{rel}","templated":true}]}}

https://elalmacendeloza.com/sin%20categoría/retama-cesta-pan-cuadrada/

<div class="container-description">
<div class="description">
<h3 class="title-description"> Cesto de pan cuadrado de retama </h3>
<p>Cesta de retama tejida a mano, elaborada con materiales naturales provenientes de Jaén. Cada pieza refleja la tradición artesanal de la región, utilizando retama de alta calidad que garantiza durabilidad y un acabado único. Ideal como panera o para organizar espacios, esta cesta aporta un toque rústico y auténtico a cualquier ambiente. Disponible en dos tamaños </p>
<h3 class="title-description"> Características:  </h3>
<p> Medida: 17x16x8cm/13,5&#215;12,5x6cm </p>
<p>Material: Loza </p>
</p></div>
<div class="square">
<h3 class="title-description">Cuidados</h3>
<ul class="ul-square">
<li class="li-square"> Se recomienda limpiar con un paño húmedo</li>
<li class="li-square">  Producto muy frágil.</li>
</ul></div>
</div>

<p>Cesta artesanal de retama, ideal como panera o para decorar tu hogar. Su diseño natural y resistente aporta un toque rústico y cálido a cualquier ambiente. Disponible en 2 tamaños. </p>
<p></p>
