{"id":15481,"date":"2024-10-21T16:06:35","date_gmt":"2024-10-21T14:06:35","guid":{"rendered":"https:\/\/elalmacendeloza.com\/sin%20categor\u00eda\/huerto-calabaza-pera\/"},"modified":"2025-12-15T12:06:04","modified_gmt":"2025-12-15T11:06:04","slug":"huerto-calabaza-pera","status":"publish","type":"product","link":"https:\/\/old.elalmacendeloza.com\/en\/table-accessories\/table-decoration\/huerto-calabaza-pera\/","title":{"rendered":"Huerto Calabaza Pera"},"content":{"rendered":"<div class=\"container-description\">\n<div class=\"description\">\n<h3 class=\"title-description\"> Calabaza pera <\/h3>\n<p>Con su forma caracter\u00edstica, la calabaza pera  es una obra artesanal hecha en loza que captura la esencia del oto\u00f1o y la naturaleza. Cada una de estas piezas es moldeada a mano por expertos artesanos italianos, asegurando que cada calabaza tenga su propio car\u00e1cter y peculiaridad. Los detalles, desde la textura de la piel hasta las suaves curvas de su forma, est\u00e1n trabajados con precisi\u00f3n y dedicaci\u00f3n. La exclusividad de este producto radica en su proceso de creaci\u00f3n manual, que garantiza que cada calabaza sea una pieza decorativa \u00fanica e irrepetible.<\/p>\n<h3 class=\"title-description\"> Caracter\u00edsticas:  <\/h3>\n<p> Medida: \u00d87x16cm <\/p>\n<p>Material: Loza <\/p>\n<\/p><\/div>\n<div class=\"square\">\n<h3 class=\"title-description\">Cuidados<\/h3>\n<ul class=\"ul-square\">\n<li class=\"li-square\"> Se recomienda lava a mano<\/li>\n<li class=\"li-square\">  Producto muy fr\u00e1gil.<\/li>\n<\/ul><\/div>\n<\/div>\n","protected":false},"excerpt":{"rendered":"<p>La forma caracter\u00edstica de esta calabaza pera ha sido recreada artesanalmente en loza, con un acabado que resalta su autenticidad. Hecho a mano en Italia.<\/p>\n<p><\/p>\n","protected":false},"featured_media":15482,"comment_status":"open","ping_status":"closed","template":"","meta":[],"product_brand":[],"product_cat":[77],"product_tag":[],"class_list":{"0":"post-15481","1":"product","2":"type-product","3":"status-publish","4":"has-post-thumbnail","6":"product_cat-decoracion-mesa","7":"pa_brand-annaluma","8":"pa_color-verde-naranja","9":"pa_tamano-pequeno","11":"first","12":"instock","13":"taxable","14":"shipping-taxable","15":"purchasable","16":"product-type-simple"},"_links":{"self":[{"href":"https:\/\/old.elalmacendeloza.com\/en\/wp-json\/wp\/v2\/product\/15481","targetHints":{"allow":["GET"]}}],"collection":[{"href":"https:\/\/old.elalmacendeloza.com\/en\/wp-json\/wp\/v2\/product"}],"about":[{"href":"https:\/\/old.elalmacendeloza.com\/en\/wp-json\/wp\/v2\/types\/product"}],"replies":[{"embeddable":true,"href":"https:\/\/old.elalmacendeloza.com\/en\/wp-json\/wp\/v2\/comments?post=15481"}],"wp:featuredmedia":[{"embeddable":true,"href":"https:\/\/old.elalmacendeloza.com\/en\/wp-json\/wp\/v2\/media\/15482"}],"wp:attachment":[{"href":"https:\/\/old.elalmacendeloza.com\/en\/wp-json\/wp\/v2\/media?parent=15481"}],"wp:term":[{"taxonomy":"product_brand","embeddable":true,"href":"https:\/\/old.elalmacendeloza.com\/en\/wp-json\/wp\/v2\/product_brand?post=15481"},{"taxonomy":"product_cat","embeddable":true,"href":"https:\/\/old.elalmacendeloza.com\/en\/wp-json\/wp\/v2\/product_cat?post=15481"},{"taxonomy":"product_tag","embeddable":true,"href":"https:\/\/old.elalmacendeloza.com\/en\/wp-json\/wp\/v2\/product_tag?post=15481"}],"curies":[{"name":"wp","href":"https:\/\/api.w.org\/{rel}","templated":true}]}}

https://elalmacendeloza.com/sin%20categoría/huerto-calabaza-pera/

<div class="container-description">
<div class="description">
<h3 class="title-description"> Calabaza pera </h3>
<p>Con su forma característica, la calabaza pera  es una obra artesanal hecha en loza que captura la esencia del otoño y la naturaleza. Cada una de estas piezas es moldeada a mano por expertos artesanos italianos, asegurando que cada calabaza tenga su propio carácter y peculiaridad. Los detalles, desde la textura de la piel hasta las suaves curvas de su forma, están trabajados con precisión y dedicación. La exclusividad de este producto radica en su proceso de creación manual, que garantiza que cada calabaza sea una pieza decorativa única e irrepetible.</p>
<h3 class="title-description"> Características:  </h3>
<p> Medida: Ø7x16cm </p>
<p>Material: Loza </p>
</p></div>
<div class="square">
<h3 class="title-description">Cuidados</h3>
<ul class="ul-square">
<li class="li-square"> Se recomienda lava a mano</li>
<li class="li-square">  Producto muy frágil.</li>
</ul></div>
</div>

<p>La forma característica de esta calabaza pera ha sido recreada artesanalmente en loza, con un acabado que resalta su autenticidad. Hecho a mano en Italia.</p>
<p></p>
