{"id":14711,"date":"2024-07-16T13:35:28","date_gmt":"2024-07-16T11:35:28","guid":{"rendered":"https:\/\/elalmacendeloza.com\/sin%20categor\u00eda\/black-candelabro\/"},"modified":"2026-01-24T14:14:17","modified_gmt":"2026-01-24T13:14:17","slug":"black-candelabro","status":"publish","type":"product","link":"https:\/\/old.elalmacendeloza.com\/en\/sales\/black-candelabro\/","title":{"rendered":"Black- Candelabro"},"content":{"rendered":"<div class=\"container-description\">\n<div class=\"description\">\n<h3 class=\"title-description\"> Black- Candelabro marroqu\u00ed <\/h3>\n<p>Elegante candelabro negro con base para evitar que caiga la cera de las velas. Hecho artesalmente siguiendo la tradici\u00f3n de la cer\u00e1mica marroqu\u00ed. Al ser un producto 100% artesanal puede haber variaciones de color y de tama\u00f1o que los hacen \u00fanicos. <\/p>\n<p> Medidas: \u00d810x20cm<\/p>\n<p>Material: Barro<\/p>\n<\/p><\/div>\n<div class=\"square\">\n<h3 class=\"title-description\">Cuidados<\/h3>\n<ul class=\"ul-square\">\n<li class=\"li-square\"> Limpiar con un pa\u00f1o h\u00famedo.<\/li>\n<\/ul><\/div>\n<\/div>\n","protected":false},"excerpt":{"rendered":"<p>\u00d810x20cm\u00a0<\/p>\n<p>Hecho artesanalmente en Marruecos\u00a0<\/p>\n","protected":false},"featured_media":14712,"comment_status":"open","ping_status":"closed","template":"","meta":[],"product_brand":[],"product_cat":[118,575],"product_tag":[],"class_list":{"0":"post-14711","1":"product","2":"type-product","3":"status-publish","4":"has-post-thumbnail","6":"product_cat-candelabros","7":"product_cat-rebajas","8":"pa_brand-atlantico-arts","9":"pa_color-negro","10":"pa_tamano-20-cm","12":"first","13":"instock","14":"sale","15":"taxable","16":"shipping-taxable","17":"purchasable","18":"product-type-simple"},"_links":{"self":[{"href":"https:\/\/old.elalmacendeloza.com\/en\/wp-json\/wp\/v2\/product\/14711","targetHints":{"allow":["GET"]}}],"collection":[{"href":"https:\/\/old.elalmacendeloza.com\/en\/wp-json\/wp\/v2\/product"}],"about":[{"href":"https:\/\/old.elalmacendeloza.com\/en\/wp-json\/wp\/v2\/types\/product"}],"replies":[{"embeddable":true,"href":"https:\/\/old.elalmacendeloza.com\/en\/wp-json\/wp\/v2\/comments?post=14711"}],"wp:featuredmedia":[{"embeddable":true,"href":"https:\/\/old.elalmacendeloza.com\/en\/wp-json\/wp\/v2\/media\/14712"}],"wp:attachment":[{"href":"https:\/\/old.elalmacendeloza.com\/en\/wp-json\/wp\/v2\/media?parent=14711"}],"wp:term":[{"taxonomy":"product_brand","embeddable":true,"href":"https:\/\/old.elalmacendeloza.com\/en\/wp-json\/wp\/v2\/product_brand?post=14711"},{"taxonomy":"product_cat","embeddable":true,"href":"https:\/\/old.elalmacendeloza.com\/en\/wp-json\/wp\/v2\/product_cat?post=14711"},{"taxonomy":"product_tag","embeddable":true,"href":"https:\/\/old.elalmacendeloza.com\/en\/wp-json\/wp\/v2\/product_tag?post=14711"}],"curies":[{"name":"wp","href":"https:\/\/api.w.org\/{rel}","templated":true}]}}

https://elalmacendeloza.com/sin%20categoría/black-candelabro/

<div class="container-description">
<div class="description">
<h3 class="title-description"> Black- Candelabro marroquí </h3>
<p>Elegante candelabro negro con base para evitar que caiga la cera de las velas. Hecho artesalmente siguiendo la tradición de la cerámica marroquí. Al ser un producto 100% artesanal puede haber variaciones de color y de tamaño que los hacen únicos. </p>
<p> Medidas: Ø10x20cm</p>
<p>Material: Barro</p>
</p></div>
<div class="square">
<h3 class="title-description">Cuidados</h3>
<ul class="ul-square">
<li class="li-square"> Limpiar con un paño húmedo.</li>
</ul></div>
</div>

<p>Ø10x20cm </p>
<p>Hecho artesanalmente en Marruecos </p>
