{"id":14561,"date":"2024-07-03T07:18:51","date_gmt":"2024-07-03T05:18:51","guid":{"rendered":"https:\/\/elalmacendeloza.com\/sin%20categor\u00eda\/toscana-vajilla-set-6\/"},"modified":"2026-03-23T13:40:54","modified_gmt":"2026-03-23T12:40:54","slug":"toscana-vajilla","status":"publish","type":"product","link":"https:\/\/old.elalmacendeloza.com\/en\/tableware\/tableware-set\/toscana-vajilla\/","title":{"rendered":"Toscana vajilla"},"content":{"rendered":"<div class=\"container-description\">\n<div class=\"description\">\n<h3 class=\"title-description\"> Toscana- Vajilla <\/h3>\n<p>Vajllla de porcelana con un dise\u00f1o limpio y sencillo ideal para diario <\/p>\n<p>Se compone de platos llanos \u00d8 27 cm, 6 platos soperos \u00d8 20cm  Y 6 platos de postre \u00d8 21cm.<\/p>\n<p>Material: Porcelana<\/p>\n<\/p><\/div>\n<div class=\"square\">\n<h3 class=\"title-description\">Cuidados<\/h3>\n<ul class=\"ul-square\">\n<li class=\"li-square\">Apto para lavaplatos<\/li>\n<li class=\"li-square\"> Apto para microondas<\/li>\n<\/ul><\/div>\n<\/div>\n","protected":false},"excerpt":{"rendered":"<p>Contiene\u00a0 platos llanos, soperos y\u00a0 platos de postre.<\/p>\n","protected":false},"featured_media":14562,"comment_status":"open","ping_status":"closed","template":"","meta":[],"product_brand":[],"product_cat":[134,136,128],"product_tag":[],"class_list":{"0":"post-14561","1":"product","2":"type-product","3":"status-publish","4":"has-post-thumbnail","6":"product_cat-plato-llano","7":"product_cat-set-vajillas","8":"product_cat-soperas","9":"pa_brand-easylife","10":"pa_color-blanco","11":"pa_sa_tallas-plato-llano","12":"pa_sa_tallas-plato-postre","13":"pa_sa_tallas-plato-sopa","15":"first","16":"instock","17":"taxable","18":"shipping-taxable","19":"purchasable","20":"product-type-variable"},"_links":{"self":[{"href":"https:\/\/old.elalmacendeloza.com\/en\/wp-json\/wp\/v2\/product\/14561","targetHints":{"allow":["GET"]}}],"collection":[{"href":"https:\/\/old.elalmacendeloza.com\/en\/wp-json\/wp\/v2\/product"}],"about":[{"href":"https:\/\/old.elalmacendeloza.com\/en\/wp-json\/wp\/v2\/types\/product"}],"replies":[{"embeddable":true,"href":"https:\/\/old.elalmacendeloza.com\/en\/wp-json\/wp\/v2\/comments?post=14561"}],"wp:featuredmedia":[{"embeddable":true,"href":"https:\/\/old.elalmacendeloza.com\/en\/wp-json\/wp\/v2\/media\/14562"}],"wp:attachment":[{"href":"https:\/\/old.elalmacendeloza.com\/en\/wp-json\/wp\/v2\/media?parent=14561"}],"wp:term":[{"taxonomy":"product_brand","embeddable":true,"href":"https:\/\/old.elalmacendeloza.com\/en\/wp-json\/wp\/v2\/product_brand?post=14561"},{"taxonomy":"product_cat","embeddable":true,"href":"https:\/\/old.elalmacendeloza.com\/en\/wp-json\/wp\/v2\/product_cat?post=14561"},{"taxonomy":"product_tag","embeddable":true,"href":"https:\/\/old.elalmacendeloza.com\/en\/wp-json\/wp\/v2\/product_tag?post=14561"}],"curies":[{"name":"wp","href":"https:\/\/api.w.org\/{rel}","templated":true}]}}

https://elalmacendeloza.com/sin%20categoría/toscana-vajilla-set-6/

<div class="container-description">
<div class="description">
<h3 class="title-description"> Toscana- Vajilla </h3>
<p>Vajllla de porcelana con un diseño limpio y sencillo ideal para diario </p>
<p>Se compone de platos llanos Ø 27 cm, 6 platos soperos Ø 20cm  Y 6 platos de postre Ø 21cm.</p>
<p>Material: Porcelana</p>
</p></div>
<div class="square">
<h3 class="title-description">Cuidados</h3>
<ul class="ul-square">
<li class="li-square">Apto para lavaplatos</li>
<li class="li-square"> Apto para microondas</li>
</ul></div>
</div>
