{"id":14040,"date":"2024-06-06T18:44:43","date_gmt":"2024-06-06T16:44:43","guid":{"rendered":"https:\/\/elalmacendeloza.com\/sin%20categor\u00eda\/parentesis-800-individual-lino-resinado\/"},"modified":"2026-03-30T12:03:01","modified_gmt":"2026-03-30T10:03:01","slug":"parentesis-800-individuales-lino-resinado","status":"publish","type":"product","link":"https:\/\/old.elalmacendeloza.com\/en\/los-mas-deseados\/parentesis-800-individuales-lino-resinado\/","title":{"rendered":"Par\u00e9ntesis 800 Individuales lino resinado"},"content":{"rendered":"<div class=\"container-description\">\n<div class=\"description\">\n<h3 class=\"title-description\"> Individuales de lino encerado <\/h3>\n<p>elegantes individuales de lino encerado. F\u00e1ciles de limpiar  gracias al encerado se puede limpiar al momento con un pa\u00f1o h\u00famedo. Son ideales para diario o para ocasiones especiales. Disponibles en varios colores. <\/p>\n<h3 class=\"title-description\"> Caracter\u00edsticas:  <\/h3>\n<p> Medida: 48x42cmcm <\/p>\n<p>Material: Lino encerado<\/p>\n<\/p><\/div>\n<div class=\"square\">\n<h3 class=\"title-description\">Cuidados<\/h3>\n<ul class=\"ul-square\">\n<li class=\"li-square\"> Apto para lavador a lavado a 30 grados .<\/li>\n<li class=\"li-square\"> Se puede planchar por el lado que no esta resinado. <\/li>\n<\/ul><\/div>\n<\/div>\n","protected":false},"excerpt":{"rendered":"<p>48x42cm<\/p>\n<p>\u00a0Disponible en varios colores\u00a0<\/p>\n","protected":false},"featured_media":14041,"comment_status":"open","ping_status":"closed","template":"","meta":[],"product_brand":[],"product_cat":[125,1473],"product_tag":[],"class_list":{"0":"post-14040","1":"product","2":"type-product","3":"status-publish","4":"has-post-thumbnail","6":"product_cat-individuales","7":"product_cat-los-mas-deseados","8":"pa_brand-gallina-mata","9":"pa_color-azul","10":"pa_color-beige","11":"pa_color-oliva","12":"pa_color-rojo","13":"pa_color-turquesa","14":"pa_color-verde","15":"pa_color-verde-bosque","16":"pa_tamano-48x42cm","18":"first","19":"instock","20":"taxable","21":"shipping-taxable","22":"purchasable","23":"product-type-variable"},"_links":{"self":[{"href":"https:\/\/old.elalmacendeloza.com\/en\/wp-json\/wp\/v2\/product\/14040","targetHints":{"allow":["GET"]}}],"collection":[{"href":"https:\/\/old.elalmacendeloza.com\/en\/wp-json\/wp\/v2\/product"}],"about":[{"href":"https:\/\/old.elalmacendeloza.com\/en\/wp-json\/wp\/v2\/types\/product"}],"replies":[{"embeddable":true,"href":"https:\/\/old.elalmacendeloza.com\/en\/wp-json\/wp\/v2\/comments?post=14040"}],"wp:featuredmedia":[{"embeddable":true,"href":"https:\/\/old.elalmacendeloza.com\/en\/wp-json\/wp\/v2\/media\/14041"}],"wp:attachment":[{"href":"https:\/\/old.elalmacendeloza.com\/en\/wp-json\/wp\/v2\/media?parent=14040"}],"wp:term":[{"taxonomy":"product_brand","embeddable":true,"href":"https:\/\/old.elalmacendeloza.com\/en\/wp-json\/wp\/v2\/product_brand?post=14040"},{"taxonomy":"product_cat","embeddable":true,"href":"https:\/\/old.elalmacendeloza.com\/en\/wp-json\/wp\/v2\/product_cat?post=14040"},{"taxonomy":"product_tag","embeddable":true,"href":"https:\/\/old.elalmacendeloza.com\/en\/wp-json\/wp\/v2\/product_tag?post=14040"}],"curies":[{"name":"wp","href":"https:\/\/api.w.org\/{rel}","templated":true}]}}

https://elalmacendeloza.com/sin%20categoría/parentesis-800-individual-lino-resinado/

Paréntesis 800 Individuales lino resinado

<div class="container-description">
<div class="description">
<h3 class="title-description"> Individuales de lino encerado </h3>
<p>elegantes individuales de lino encerado. Fáciles de limpiar  gracias al encerado se puede limpiar al momento con un paño húmedo. Son ideales para diario o para ocasiones especiales. Disponibles en varios colores. </p>
<h3 class="title-description"> Características:  </h3>
<p> Medida: 48x42cmcm </p>
<p>Material: Lino encerado</p>
</p></div>
<div class="square">
<h3 class="title-description">Cuidados</h3>
<ul class="ul-square">
<li class="li-square"> Apto para lavador a lavado a 30 grados .</li>
<li class="li-square"> Se puede planchar por el lado que no esta resinado. </li>
</ul></div>
</div>
